{"version":"1.0","provider_name":"11Onze","provider_url":"https:\/\/www.11onze.cat\/es\/","author_name":"Equip Editorial","author_url":"https:\/\/www.11onze.cat\/es\/magazine\/author\/equip-editorial-11onze\/","title":"La rebaja del IVA de los alimentos, en la picota - 11Onze","type":"rich","width":600,"height":338,"html":"<blockquote class=\"wp-embedded-content\" data-secret=\"jIuOJqWuVU\"><a href=\"https:\/\/www.11onze.cat\/es\/magazine\/rebaja-iva-alimentos-picota\/\">La rebaja del IVA de los alimentos, en la picota<\/a><\/blockquote><iframe sandbox=\"allow-scripts\" security=\"restricted\" src=\"https:\/\/www.11onze.cat\/es\/magazine\/rebaja-iva-alimentos-picota\/embed\/#?secret=jIuOJqWuVU\" width=\"600\" height=\"338\" title=\"\u00abLa rebaja del IVA de los alimentos, en la picota\u00bb \u2014 11Onze\" data-secret=\"jIuOJqWuVU\" frameborder=\"0\" marginwidth=\"0\" marginheight=\"0\" scrolling=\"no\" class=\"wp-embedded-content\"><\/iframe><script type=\"text\/javascript\">\n\/* <![CDATA[ *\/\n\/*! This file is auto-generated *\/\n!function(d,l){\"use strict\";l.querySelector&&d.addEventListener&&\"undefined\"!=typeof URL&&(d.wp=d.wp||{},d.wp.receiveEmbedMessage||(d.wp.receiveEmbedMessage=function(e){var t=e.data;if((t||t.secret||t.message||t.value)&&!\/[^a-zA-Z0-9]\/.test(t.secret)){for(var s,r,n,a=l.querySelectorAll('iframe[data-secret=\"'+t.secret+'\"]'),o=l.querySelectorAll('blockquote[data-secret=\"'+t.secret+'\"]'),c=new RegExp(\"^https?:$\",\"i\"),i=0;i<o.length;i++)o[i].style.display=\"none\";for(i=0;i<a.length;i++)s=a[i],e.source===s.contentWindow&&(s.removeAttribute(\"style\"),\"height\"===t.message?(1e3<(r=parseInt(t.value,10))?r=1e3:~~r<200&&(r=200),s.height=r):\"link\"===t.message&&(r=new URL(s.getAttribute(\"src\")),n=new URL(t.value),c.test(n.protocol))&&n.host===r.host&&l.activeElement===s&&(d.top.location.href=t.value))}},d.addEventListener(\"message\",d.wp.receiveEmbedMessage,!1),l.addEventListener(\"DOMContentLoaded\",function(){for(var e,t,s=l.querySelectorAll(\"iframe.wp-embedded-content\"),r=0;r<s.length;r++)(t=(e=s[r]).getAttribute(\"data-secret\"))||(t=Math.random().toString(36).substring(2,12),e.src+=\"#?secret=\"+t,e.setAttribute(\"data-secret\",t)),e.contentWindow.postMessage({message:\"ready\",secret:t},\"*\")},!1)))}(window,document);\n\/\/# sourceURL=https:\/\/www.11onze.cat\/wp-includes\/js\/wp-embed.min.js\n\/* ]]> *\/\n<\/script>\n","thumbnail_url":"https:\/\/www.11onze.cat\/wp-content\/uploads\/2023\/01\/11ONZE_IVA_ALIMENTS-800x450.jpg","thumbnail_width":600,"thumbnail_height":403,"description":"Gran parte de la rebaja del IVA de los alimentos de primera necesidad podr\u00eda acabar aumentando los m\u00e1rgenes comerciales de las cadenas de distribuci\u00f3n en lugar de beneficiar al consumidor final."}

Gran parte de la rebaja del IVA de los alimentos de primera necesidad podría acabar aumentando los márgenes comerciales de las cadenas de distribución en lugar de beneficiar al consumidor final.
